hest common factor of 90 and 792630?
90
Calculate the highest common factor of 50 and 1879640.
10
What is the greatest common factor of 2629772 and 83?
83
What is the greatest common factor of 131838 and 516?
258
What is the highest common factor of 42 and 24927?
21
Calculate the highest common factor of 513 and 170451.
27
What is the greatest common divisor of 26752 and 2528?
32
Calculate the greatest common divisor of 2200 and 5060.
220
What is the highest common divisor of 1652 and 2176510?
826
Calculate the highest common factor of 23236 and 20276.
148
What is the greatest common factor of 2620 and 1782124?
524
Calculate the highest common factor of 92 and 25231.
23
What is the greatest common factor of 7543 and 4367?
397
Calculate the greatest common factor of 169760 and 416.
32
Calculate the highest common divisor of 1791 and 32437.
199
Calculate the highest common factor of 35360 and 144.
16
What is the greatest common divisor of 13064 and 2254?
46
Calculate the highest common divisor of 9809 and 170.
17
Calculate the greatest common divisor of 3112 and 67.
1
What is the greatest common divisor of 53 and 3258811?
53
What is the greatest common factor of 352 and 37136?
176
Calculate the greatest common factor of 89 and 152190.
89
Calculate the highest common factor of 2887899 and 42.
21
Calculate the greatest common factor of 5364 and 381.
3
Calculate the highest common divisor of 601741 and 434.
217
Calculate the greatest common divisor of 16773 and 15.
3
What is the highest common factor of 227541 and 48833?
1039
Calculate the greatest common divisor of 195 and 4407.
39
What is the greatest common factor of 19712 and 264?
88
Calculate the highest common factor of 1265 and 972785.
1265
Calculate the greatest common factor of 93132 and 260.
52
Calculate the highest common divisor of 53628 and 120772.
436
Calculate the greatest common factor of 2719 and 68.
1
Calculate the greatest common divisor of 164334 and 732.
366
Calculate the greatest common factor of 38 and 169.
1
What is the greatest common divisor of 2142 and 3087?
63
Calculate the greatest common factor of 48 and 68304.
48
What is the greatest common factor of 3846 and 138?
6
What is the highest common divisor of 32 and 3069728?
32
Calculate the greatest common divisor of 4269 and 1222357.
1423
What is the greatest common factor of 1100 and 1075?
25
Calculate the greatest common factor of 605 and 12925.
55
What is the greatest common factor of 135 and 2535?
15
What is the highest common divisor of 2934 and 1849887?
1467
Calculate the highest common factor of 10738 and 54.
2
What is the greatest common divisor of 25 and 1183550?
25
Calculate the greatest common factor of 405417 and 201.
201
Calculate the highest common factor of 785825 and 100.
25
Calculate the greatest common factor of 158122 and 1371.
457
What is the greatest common divisor of 3079890 and 366?
366
What is the highest common divisor of 353712 and 2736?
48
Calculate the greatest common factor of 66057 and 10767.
291
What is the greatest common divisor of 53 and 235373?
53
Calculate the greatest common factor of 19058 and 169.
13
Calculate the greatest common factor of 1040393 and 12223.
719
What is the greatest common factor of 96928 and 1040?
208
Calculate the greatest common factor of 5308 and 8.
4
Calculate the highest common factor of 114227 and 165241.
1109
What is the highest common divisor of 5915 and 9633?
169
What is the greatest common divisor of 152 and 47804?
76
What is the greatest common factor of 8984 and 4178683?
1123
Calculate the highest common divisor of 232431 and 3.
3
Calculate the greatest common divisor of 16704 and 8676.
36
Calculate the highest common divisor of 297856 and 52.
52
What is the highest common divisor of 711 and 495?
9
Calculate the greatest common factor of 624 and 120016.
208
What is the highest common divisor of 923 and 3479?
71
What is the highest common divisor of 226385 and 95?
95
What is the greatest common divisor of 1952 and 52887?
61
What is the highest common divisor of 1416 and 728178?
354
Calculate the highest common divisor of 1053 and 1222.
13
Calculate the greatest common factor of 1769 and 725.
29
Calculate the greatest common divisor of 1560 and 9672.
312
What is the greatest common factor of 18 and 606456?
18
What is the greatest common divisor of 750 and 366250?
250
What is the greatest common factor of 10758 and 363?
33
What is the highest common divisor of 5876 and 923?
13
Calculate the highest common divisor of 47461 and 31.
31
What is the greatest common factor of 138 and 1194?
6
Calculate the highest common factor of 2331 and 54612.
333
Calculate the highest common divisor of 6532 and 37536.
92
What is the greatest common divisor of 7546 and 56?
14
What is the highest common divisor of 1426 and 146134?
62
What is the greatest common factor of 1189 and 10619?
41
What is the highest common divisor of 4576 and 220176?
176
What is the greatest common divisor of 197286 and 1310?
262
Calculate the greatest common divisor of 1113915 and 645.
645
What is the greatest common factor of 544 and 1307232?
544
Calculate the greatest common factor of 325971 and 162.
27
Calculate the highest common factor of 2165 and 35073.
433
What is the highest common divisor of 2108500 and 700?
100
What is the greatest common factor of 152 and 115748?
76
Calculate the highest common divisor of 23650 and 350.
50
Calculate the greatest common divisor of 351 and 2862.
27
Calculate the greatest common factor of 70 and 670733.
7
Calculate the highest common divisor of 1048992 and 392.
392
Calculate the greatest common factor of 1185 and 911028.
237
What is the highest common factor of 48689 and 1076?
269
Calculate the greatest common factor of 9300 and 2025.
75
What is the highest common factor of 196 and 326487?
49
Calculate the greatest common factor of 10823 and 36814.
79
What is the greatest common factor of 1799600 and 32?
16
What is the highest common factor of 21584 and 703?
19
Calculate the greatest common factor of 22 and 736659.
11
Calculate the greatest common factor of 27 and 237591.
9
Calculate the greatest common factor of 3065 and 39232.
613
Calculate the greatest common factor of 1683 and 36.
9
What is the greatest common factor of 45 and 485487?
9
Calculate the highest common divisor of 28 and 88697.
7
What is the greatest common divisor of 5130 and 2850?
570
What is the highest common divisor of 150 and 8125050?
150
What is the highest common divisor of 201 and 163346?
67
What is the highest common divisor of 188 and 10481?
47
Calculate the greatest common divisor of 156 and 9594.
78
Calculate the greatest common factor of 50 and 1574.
2
What is the greatest common factor of 7296960 and 792?
264
Calculate the greatest common divisor of 51 and 16337.
17
What is the greatest common divisor of 913 and 4026?
11
Calculate the highest common divisor of 7882 and 574.
14
What is the highest common divisor of 708 and 128676?
12
What is the highest common divisor of 72490 and 110?
110
What is the greatest common factor of 519 and 70757?
173
Calculate the greatest common factor of 25 and 1726175.
25
Calculate the highest common factor of 18 and 1143.
9
Calculate the highest common divisor of 40560 and 468.
156
Calculate the greatest common divisor of 152957 and 56.
7
What is the greatest common divisor of 4328485 and 437?
437
Calculate the greatest common factor of 602 and 37198.
14
What is the highest common factor of 5291166 and 58?
58
What is the highest common divisor of 1380 and 140070?
690
What is the greatest common factor of 3915 and 154251?
783
Calculate the highest common factor of 595 and 3825.
85
Calculate the greatest common divisor of 4 and 63320.
4
Calculate the highest common factor of 20559 and 3696.
231
Calculate the highest common factor of 1241 and 1606.
73
What is the greatest common factor of 1195 and 20315?
1195
Calculate the greatest common factor of 7678 and 3080.
22
Calculate the highest common factor of 438 and 1234503.
219
What is the highest common factor of 12012 and 5187?
273
What is the greatest common divisor of 3054 and 512054?
1018
Calculate the highest common divisor of 2457 and 1890.
189
What is the greatest common factor of 69 and 9?
